{"id":255,"date":"2016-05-23T10:30:24","date_gmt":"2016-05-23T10:30:24","guid":{"rendered":"http:\/\/test.kriesi.at\/enfold-health-coach\/?page_id=255"},"modified":"2025-08-20T10:48:07","modified_gmt":"2025-08-20T08:48:07","slug":"contact","status":"publish","type":"page","link":"https:\/\/staging.elternwerkstatt-hamburg.de\/?page_id=255","title":{"rendered":"Kontakt \/ Impressum"},"content":{"rendered":"<p>[av_codeblock wrapper_element=&#8220; wrapper_element_attributes=&#8220; codeblock_type=&#8220; av_uid=&#8217;av-lvl14cqw&#8216;]<br \/>\n<a style=\"position: fixed; z-index: 20000; top: 180px; right: 0; display: block; text-align: center; opacity: 0.85; background-color: #107aca; color: #ffffff; font-size: 14px; overflow: hidden; width: 100px; border-radius: 4px 0 0 4px; text-decoration: none; padding: 10px; line-height: 1.4;\" href=\"https:\/\/www.doctolib.de\/heilpraktiker-fur-psychotherapie\/hamburg\/kerstin-erl-hegel\" target=\"_blank\" rel=\"noopener noreferrer\"><span style=\"font-size: 14px;\">Termin<br \/>\nonline buchen<\/span><img decoding=\"async\" style=\"height: 15px; margin-top: 10px; vertical-align: middle; width: auto;\" src=\"https:\/\/www.doctolib.de\/external_button\/doctolib-white-transparent.png\" alt=\"Doctolib\" \/><\/a><br \/>\n[\/av_codeblock]<\/p>\n<p>[av_layout_row border=&#8220; min_height_percent=&#8220; min_height=&#8217;0&#8242; color=&#8217;main_color&#8216; mobile=&#8217;av-flex-cells&#8216; id=&#8217;hello&#8216; av_element_hidden_in_editor=&#8217;0&#8242; mobile_breaking=&#8220; av_uid=&#8217;av-4bxr3r&#8216;]<\/p>\n<p>[av_cell_one_half vertical_align=&#8217;top&#8216; padding=&#8217;100px&#8216; padding_sync=&#8217;true&#8216; background_color=&#8220; src=&#8220; attachment=&#8220; attachment_size=&#8220; background_attachment=&#8217;scroll&#8216; background_position=&#8217;top left&#8216; background_repeat=&#8217;no-repeat&#8216; mobile_display=&#8220; av_uid=&#8217;av-463apr&#8216;]<\/p>\n<p>[av_heading heading=&#8217;Kontakt&#8216; tag=&#8217;h1&#8242; link_apply=&#8220; link=&#8217;manually,http:\/\/&#8216; link_target=&#8220; style=&#8217;blockquote modern-quote&#8216; size=&#8217;70&#8216; subheading_active=&#8220; subheading_size=&#8217;15&#8216; margin=&#8220; padding=&#8217;30&#8216; color=&#8220; custom_font=&#8220; custom_class=&#8220; admin_preview_bg=&#8220; av-desktop-hide=&#8220; av-medium-hide=&#8220; av-small-hide=&#8220; av-mini-hide=&#8220; av-medium-font-size-title=&#8220; av-small-font-size-title=&#8220; av-mini-font-size-title=&#8220; av-medium-font-size=&#8220; av-small-font-size=&#8220; av-mini-font-size=&#8220;][\/av_heading]<\/p>\n<p>[av_textblock size=&#8220; font_color=&#8220; color=&#8220; av-medium-font-size=&#8220; av-small-font-size=&#8220; av-mini-font-size=&#8220; av_uid=&#8217;av-e3xov&#8216; admin_preview_bg=&#8220;]<br \/>\nElternwerkstatt- Hamburg<br \/>\nKirchentwiete 29 a<br \/>\n22765 Hamburg<br \/>\nTelefon: 0171 45 93 95 3<\/p>\n<p>Gerne k\u00f6nnen Sie mir eine Nachricht mit Namen und Telefonnummer hinterlassen und ich rufe Sie schnellstm\u00f6glich zur\u00fcck\u00a0oder Sie schreiben mir eine E-Mail, das Kontaktformular sehen Sie rechts. Sie k\u00f6nnen gerne bereits Terminvorschl\u00e4ge in Ihrer E-Mail formulieren.<br \/>\n[\/av_textblock]<\/p>\n<p>[av_heading heading=&#8217;Kooperation&#8216; tag=&#8217;h1&#8242; link_apply=&#8220; link=&#8217;manually,http:\/\/&#8216; link_target=&#8220; style=&#8217;blockquote modern-quote&#8216; size=&#8217;70&#8216; subheading_active=&#8220; subheading_size=&#8217;15&#8216; margin=&#8220; padding=&#8217;30&#8216; color=&#8220; custom_font=&#8220; custom_class=&#8220; admin_preview_bg=&#8220; av-desktop-hide=&#8220; av-medium-hide=&#8220; av-small-hide=&#8220; av-mini-hide=&#8220; av-medium-font-size-title=&#8220; av-small-font-size-title=&#8220; av-mini-font-size-title=&#8220; av-medium-font-size=&#8220; av-small-font-size=&#8220; av-mini-font-size=&#8220;][\/av_heading]<\/p>\n<p>[av_textblock size=&#8220; font_color=&#8220; color=&#8220; av-medium-font-size=&#8220; av-small-font-size=&#8220; av-mini-font-size=&#8220; av_uid=&#8217;av-e3xov&#8216; admin_preview_bg=&#8220;]<\/p>\n<div>Hegel Mediation<br \/>\n<a href=\"https:\/\/www.hegel-mediation.de\/\">www.hegel-mediation.de<\/a><\/div>\n<p>[\/av_textblock]<\/p>\n<p>[av_hr class=&#8217;invisible&#8216; height=&#8217;20&#8216; shadow=&#8217;no-shadow&#8216; position=&#8217;center&#8216; custom_border=&#8217;av-border-thin&#8216; custom_width=&#8217;50px&#8216; custom_border_color=&#8220; custom_margin_top=&#8217;30px&#8216; custom_margin_bottom=&#8217;30px&#8216; icon_select=&#8217;yes&#8216; custom_icon_color=&#8220; icon=&#8217;ue808&#8242; font=&#8217;entypo-fontello&#8216; av_uid=&#8217;av-3p9p0n&#8216;]<\/p>\n<p>[\/av_cell_one_half][av_cell_one_half vertical_align=&#8217;top&#8216; padding=&#8217;50px&#8216; padding_sync=&#8217;true&#8216; background=&#8217;bg_color&#8216; background_color=&#8220; background_gradient_color1=&#8220; background_gradient_color2=&#8220; background_gradient_direction=&#8217;vertical&#8216; src=&#8220; attachment=&#8220; attachment_size=&#8220; background_attachment=&#8217;scroll&#8216; background_position=&#8217;center center&#8216; background_repeat=&#8217;stretch&#8216; link=&#8220; linktarget=&#8220; link_hover=&#8220; mobile_display=&#8220; av_uid=&#8217;av-3ggsu7&#8242;]<\/p>\n<p>[av_one_full first min_height=&#8220; vertical_alignment=&#8217;av-align-top&#8216; space=&#8220; margin=&#8217;0px&#8216; margin_sync=&#8217;true&#8216; padding=&#8217;50px&#8216; padding_sync=&#8217;true&#8216; border=&#8220; border_color=&#8220; radius=&#8217;0px&#8216; radius_sync=&#8217;true&#8216; background_color=&#8217;#ffffff&#8216; src=&#8220; attachment=&#8220; attachment_size=&#8220; background_position=&#8217;bottom right&#8216; background_repeat=&#8217;contain&#8216; animation=&#8220; mobile_display=&#8220; av_uid=&#8217;av-39j89r&#8216;]<\/p>\n<p>[av_textblock size=&#8220; font_color=&#8220; color=&#8220; av-medium-font-size=&#8220; av-small-font-size=&#8220; av-mini-font-size=&#8220; av_uid=&#8217;av-jxle80in&#8216; admin_preview_bg=&#8220;]<br \/>\n[contact-form-7 id=&#8220;925&#8243; title=&#8220;Kontaktformular 1&#8243;]<br \/>\n[\/av_textblock]<\/p>\n<p>[\/av_one_full][\/av_cell_one_half][\/av_layout_row][av_layout_row border=&#8220; min_height_percent=&#8220; min_height=&#8217;0&#8242; color=&#8217;main_color&#8216; mobile=&#8217;av-flex-cells&#8216; id=&#8217;hello&#8216; av_element_hidden_in_editor=&#8217;0&#8242; mobile_breaking=&#8220; av_uid=&#8217;av-4bxr3r&#8216;]<br \/>\n[av_cell_one_half vertical_align=&#8217;top&#8216; padding=&#8217;100px&#8216; padding_sync=&#8217;true&#8216; background_color=&#8220; src=&#8220; attachment=&#8220; attachment_size=&#8220; background_attachment=&#8217;scroll&#8216; background_position=&#8217;top left&#8216; background_repeat=&#8217;no-repeat&#8216; mobile_display=&#8220; av_uid=&#8217;av-463apr&#8216;]<\/p>\n<p>[av_heading heading=&#8220; tag=&#8217;h3&#8242; link_apply=&#8220; link=&#8220; link_target=&#8220; style=&#8220; size=&#8220; subheading_active=&#8220; subheading_size=&#8220; margin=&#8220; padding=&#8217;5&#8242; color=&#8220; custom_font=&#8220; custom_class=&#8220; admin_preview_bg=&#8220; av-desktop-hide=&#8220; av-medium-hide=&#8220; av-small-hide=&#8220; av-mini-hide=&#8220; av-medium-font-size-title=&#8220; av-small-font-size-title=&#8220; av-mini-font-size-title=&#8220; av-medium-font-size=&#8220; av-small-font-size=&#8220; av-mini-font-size=&#8220; av_uid=&#8217;av-b8k8n&#8216;][\/av_heading]<\/p>\n<p>[av_heading heading=&#8217;Impressum&#8216; tag=&#8217;h1&#8242; link_apply=&#8220; link=&#8217;manually,http:\/\/&#8216; link_target=&#8220; style=&#8217;blockquote modern-quote&#8216; size=&#8217;70&#8216; subheading_active=&#8220; subheading_size=&#8217;15&#8216; margin=&#8220; margin_sync=&#8217;true&#8216; padding=&#8217;30&#8216; color=&#8220; custom_font=&#8220; av-medium-font-size-title=&#8220; av-small-font-size-title=&#8220; av-mini-font-size-title=&#8220; av-medium-font-size=&#8220; av-small-font-size=&#8220; av-mini-font-size=&#8220; av_uid=&#8217;av-kiu45rp4&#8242; admin_preview_bg=&#8220;][\/av_heading]<\/p>\n<p>[av_textblock size=&#8220; font_color=&#8220; color=&#8220; av-medium-font-size=&#8220; av-small-font-size=&#8220; av-mini-font-size=&#8220; av_uid=&#8217;av-e3xov&#8216; admin_preview_bg=&#8220;]<\/p>\n<p style=\"text-align: left;\">Elternwerkstatt- Hamburg<br \/>\nKirchentwiete 29 a<br \/>\n22765 Hamburg<br \/>\nTelefon: 0171 45 93 95 3<\/p>\n<p style=\"text-align: left;\">Inhaberin: Kerstin Erl-Hegel<\/p>\n<div><\/div>\n<div><\/div>\n<div>\n<h5><b>GESTALTUNG UND TECHNISCHE UMSETZUNG<\/b><\/h5>\n<h5><\/h5>\n<p style=\"text-align: left;\"><a href=\"http:\/\/www.pbkd.de\">www.pbkd.de<\/a><\/p>\n<h5><b>FOTOGRAFINNEN<\/b><\/h5>\n<p><strong>Szenen Fotos:<\/strong><br \/>\nKristine Thiemann<br \/>\nMode, Stadtteilkultur, kulturelle Schulentwicklung&#8230;<br \/>\nMotivationsk\u00fcnstlerin f\u00fcr besondere Szenen<br \/>\n<a href=\"http:\/\/www.metropolen-art.com\">www.metropolen-art.com<\/a><\/p>\n<p><strong>Portr\u00e4tfoto:<\/strong><br \/>\nEva H\u00e4berle<br \/>\nReportagen, Portraits, Multimedia<br \/>\n<a href=\"http:\/\/www.eva-haeberle.de\">www.eva-haeberle.de<\/a><\/p>\n<div><\/div>\n<\/div>\n<p>[\/av_textblock]<\/p>\n<p>[av_hr class=&#8217;invisible&#8216; height=&#8217;20&#8216; shadow=&#8217;no-shadow&#8216; position=&#8217;center&#8216; custom_border=&#8217;av-border-thin&#8216; custom_width=&#8217;50px&#8216; custom_border_color=&#8220; custom_margin_top=&#8217;30px&#8216; custom_margin_bottom=&#8217;30px&#8216; icon_select=&#8217;yes&#8216; custom_icon_color=&#8220; icon=&#8217;ue808&#8242; font=&#8217;entypo-fontello&#8216; av_uid=&#8217;av-3p9p0n&#8216;]<\/p>\n<p>[\/av_cell_one_half][av_cell_one_half vertical_align=&#8217;top&#8216; padding=&#8217;50px&#8216; padding_sync=&#8217;true&#8216; background=&#8217;bg_color&#8216; background_color=&#8220; background_gradient_color1=&#8220; background_gradient_color2=&#8220; background_gradient_direction=&#8217;vertical&#8216; src=&#8220; attachment=&#8220; attachment_size=&#8220; background_attachment=&#8217;scroll&#8216; background_position=&#8217;center center&#8216; background_repeat=&#8217;stretch&#8216; link=&#8220; linktarget=&#8220; link_hover=&#8220; mobile_display=&#8220; av_uid=&#8217;av-3ggsu7&#8242;]<\/p>\n<p>[\/av_cell_one_half]<br \/>\n[\/av_layout_row]<\/p>\n<p>[av_button label=&#8217;Datenschutzerkl\u00e4rung&#8216; link=&#8217;page,3&#8242; link_target=&#8220; size=&#8217;large&#8216; position=&#8217;center&#8216; label_display=&#8220; icon_select=&#8217;yes-right-icon&#8216; icon_hover=&#8217;aviaTBicon_hover&#8216; icon=&#8217;ue879&#8242; font=&#8217;entypo-fontello&#8216; color=&#8217;dark&#8216; custom_bg=&#8217;#444444&#8242; custom_font=&#8217;#ffffff&#8216; av_uid=&#8217;av-d6gfz&#8216; admin_preview_bg=&#8220;]<\/p>\n","protected":false},"excerpt":{"rendered":"<p>[av_codeblock wrapper_element=&#8220; wrapper_element_attributes=&#8220; codeblock_type=&#8220; av_uid=&#8217;av-lvl14cqw&#8216;] Termin online buchen [\/av_codeblock] [av_layout_row border=&#8220; min_height_percent=&#8220; min_height=&#8217;0&#8242; color=&#8217;main_color&#8216; mobile=&#8217;av-flex-cells&#8216; id=&#8217;hello&#8216; av_element_hidden_in_editor=&#8217;0&#8242; mobile_breaking=&#8220; av_uid=&#8217;av-4bxr3r&#8216;] [av_cell_one_half vertical_align=&#8217;top&#8216; padding=&#8217;100px&#8216; padding_sync=&#8217;true&#8216; background_color=&#8220; src=&#8220; attachment=&#8220; attachment_size=&#8220; background_attachment=&#8217;scroll&#8216; background_position=&#8217;top left&#8216; background_repeat=&#8217;no-repeat&#8216; mobile_display=&#8220; av_uid=&#8217;av-463apr&#8216;] [av_heading heading=&#8217;Kontakt&#8216; tag=&#8217;h1&#8242; link_apply=&#8220; link=&#8217;manually,http:\/\/&#8216; link_target=&#8220; style=&#8217;blockquote modern-quote&#8216; size=&#8217;70&#8216; subheading_active=&#8220; subheading_size=&#8217;15&#8216; margin=&#8220; padding=&#8217;30&#8216; color=&#8220; custom_font=&#8220; custom_class=&#8220; admin_preview_bg=&#8220; av-desktop-hide=&#8220; av-medium-hide=&#8220; av-small-hide=&#8220; av-mini-hide=&#8220; av-medium-font-size-title=&#8220; [&hellip;]<\/p>\n","protected":false},"author":1,"featured_media":0,"parent":0,"menu_order":0,"comment_status":"closed","ping_status":"closed","template":"","meta":{"_et_pb_use_builder":"","_et_pb_old_content":"","_et_gb_content_width":"","footnotes":""},"class_list":["post-255","page","type-page","status-publish","hentry"],"_links":{"self":[{"href":"https:\/\/staging.elternwerkstatt-hamburg.de\/index.php?rest_route=\/wp\/v2\/pages\/255","targetHints":{"allow":["GET"]}}],"collection":[{"href":"https:\/\/staging.elternwerkstatt-hamburg.de\/index.php?rest_route=\/wp\/v2\/pages"}],"about":[{"href":"https:\/\/staging.elternwerkstatt-hamburg.de\/index.php?rest_route=\/wp\/v2\/types\/page"}],"author":[{"embeddable":true,"href":"https:\/\/staging.elternwerkstatt-hamburg.de\/index.php?rest_route=\/wp\/v2\/users\/1"}],"replies":[{"embeddable":true,"href":"https:\/\/staging.elternwerkstatt-hamburg.de\/index.php?rest_route=%2Fwp%2Fv2%2Fcomments&post=255"}],"version-history":[{"count":45,"href":"https:\/\/staging.elternwerkstatt-hamburg.de\/index.php?rest_route=\/wp\/v2\/pages\/255\/revisions"}],"predecessor-version":[{"id":1693,"href":"https:\/\/staging.elternwerkstatt-hamburg.de\/index.php?rest_route=\/wp\/v2\/pages\/255\/revisions\/1693"}],"wp:attachment":[{"href":"https:\/\/staging.elternwerkstatt-hamburg.de\/index.php?rest_route=%2Fwp%2Fv2%2Fmedia&parent=255"}],"curies":[{"name":"wp","href":"https:\/\/api.w.org\/{rel}","templated":true}]}}